- -2 - 5) + 6
-1
What is -17 - -1 - (-11 - (16 - 20))?
-9
What is 9 - (9 + -2 + -9 + 4)?
7
Evaluate 6 - (0 + 2 + 2) - 4.
-2
What is 5 - ((-11 - (4 - 7)) + 6)?
7
Evaluate -9 - (-9 - (11 - 15)).
-4
Evaluate 1 - ((3 - -1) + -2 - 0).
-1
Evaluate (2 + -11 - -11) + -10.
-8
What is 1 + -9 - (-15 - -11)?
-4
What is -1 + 2 - (12 + -8)?
-3
What is 3 + 4 + 0 + -6 + -4?
-3
What is the value of (3 + -4 - 3) + 10?
6
Calculate 3 - (3 - (1 + -3)).
-2
What is the value of -3 - (-4 + 0) - -1?
2
What is the value of 9 + (-3 - -7 - (12 + -6))?
7
What is the value of (8 - 5 - -3) + -3?
3
What is the value of -4 - (-4 + 4) - (1 - 5)?
0
What is the value of 0 - (-7 + (7 - 0))?
0
4 - -7 - (-28 - -35)
4
What is 15 + 17 + -14 + -13?
5
What is 9 + (-5 - (1 - 0)) + -2?
1
Evaluate 5 + (-1 - -1) + -4.
1
What is the value of -2 - (11 + -4 + -8)?
-1
Calculate -1 - (-1 + 4 - 4).
0
What is the value of -5 - (4 + -10 + 0)?
1
Calculate -6 + (-1 - 1) + 4.
-4
What is the value of 0 + (-2 - -3 - 3 - -2)?
0
Evaluate -12 - (-16 - (-11 - -3)).
-4
Calculate (1 + 6 - 0) + (3 - 5).
5
Evaluate (-3 - -1 - -1) + -2 + 3.
0
Evaluate (0 + 2 + 4 - 4) + 2.
4
What is the value of -2 - (-6 + 19 + -8)?
-7
Calculate (3 - 0) + -2 + 3.
4
Evaluate -30 - -26 - (-8 + -2).
6
Calculate -13 + 7 + 13 - 3.
4
Calculate (-15 - -6) + 11 + 0.
2
Evaluate -3 + -11 + 8 - (-2 + -1).
-3
What is 8 + -11 + (-2 - -2)?
-3
Calculate -3 + (-1 + -3 + 2 - 2).
-7
What is the value of -5 + (5 - -1) + -2 + 1?
0
What is (-1 - -3) + 0 + -5?
-3
Evaluate 2 - -1 - (11 + (-9 - 2)).
3
-1 + (3 - (5 + -8))
5
Evaluate -6 - ((0 - 5 - -1) + 5).
-7
Evaluate 3 + (-4 - -2) + 1 + -1.
1
What is the value of -2 + 0 - (4 + -8)?
2
(-1 - 6 - -7) + -5 - -9
4
Evaluate -7 - -1 - (-17 + 17) - 1.
-7
What is -8 - (9 - 7 - 6)?
-4
-12 + 13 + 1 + (3 - 2)
3
Calculate (8 - ((-5 - -2) + 23)) + 7.
-5
What is the value of (5 - 1) + 6 - 8?
2
-2 + -2 + 8 + -2 + -10
-8
Evaluate -15 - -5 - -7 - -6.
3
Calculate (0 - -8) + (20 - 9 - 14).
5
What is (18 - (2 - 0)) + -5 - 4?
7
Calculate -4 + -1 + 0 + 3 + -6.
-8
Calculate -2 - (4 + -10 - 0 - -4).
0
What is the value of 4 + -1 + -7 + 1?
-3
-9 + 2 + 13 + 0 + -14
-8
Evaluate -3 + (-6 - (-8 + 2)).
-3
What is the value of 0 + (8 - 3) + -4?
1
Calculate -3 - (-3 + -2 + 3).
-1
Calculate 5 + (-7 - 4) + 2.
-4
Calculate (0 - -4 - 8) + 2.
-2
Calculate 5 + (6 - (5 - -1)) + -5.
0
Calculate 2 + (7 - 13) - 0 - 2.
-6
Evaluate 1 + -5 + 14 + -19 + 17.
8
Evaluate (1 - -1) + 7 + 6 + -9.
6
What is the value of -1 + 1 + (-16 + 33 - 26)?
-9
Evaluate 0 + 2 + (-5 - -3) - 2.
-2
What is the value of -5 + (-31 + 25 - (1 - 8))?
-4
What is 4 - (0 + (2 - -4))?
-2
What is -28 + 24 - (-1 - -1 - -2)?
-6
What is the value of -1 - (-2 + -4) - (0 - 4)?
9
Evaluate (-2 + -1 - -4) + (-2 - 0).
-1
-2 + 0 - (-4 - 4 - -10)
-4
What is the value of (-1 - -3) + -4 + (29 - 26)?
1
Evaluate 0 - 5 - (-13 - (8 - 13)).
3
What is (-10 - -5) + 2 + 2?
-1
Calculate -33 - -27 - (2 - 7).
-1
Calculate -224 - -226 - (7 - (-1 + 0)).
-6
Calculate (-3 - -1) + 3 + 2.
3
Evaluate (2 - 3 - -2) + 0 + -3.
-2
Calculate 5 - (-7 - -9 - -3).
0
Evaluate 1 - (-5 + 3 + 3).
0
What is -6 + 2 - ((0 - 1) + 0)?
-3
-2 + -4 + 2 - 0 - -3
-1
Evaluate 1 - (-36 + 34 - (0 - 3)).
0
What is the value of (-15 - (0 + 3)) + 14?
-4
Evaluate -6 - (-4 + (-3 - 3)).
4
What is the value of -5 + (-4 - -14 - 6)?
-1
Evaluate (11 - 9) + 3 - 0.
5
3 + (1 - 5) - -3 - 1
1
What is -17 + 6 + -4 + 8?
-7
Calculate 7 + -3 - (3 - -1).
0
What is the value of 7 - (3 + -1) - (0 + -1)?
6
What is the value of (0 - -2 - -3) + -6?
-1
-4 - (1 - (-1 - -1) - 5)
0
Evaluate -3 - (-6 - (8 + -6)).
5
What is 5 + 1 + -1 + -4 + 1?
2
What is (-8 - (-6 + -6)) + -7?
-3
Calculate (4 + -2 + 2 - 8) + 3.
-1
Evaluate 4 + 0 - (-1 + 5 - -1).
-1
What is (1 - 16) + (73 - 49)?
9
What is 8 - (1 - -4) - 6?
-3
Evaluate -2 - (-8 + -2 + 8).
0
What is -1 - (6 - 5) - -2?
0
3 - (4 + 0 - (1 + 5))
5
What is the value of 2 - (6 + -4 + -5)?
5
Calculate 0 + 5 - 7 - 1 - -2.
-1
(-3 - -19 - 6) + -5 + -8
-3
What is (-2 - (-8 - 0)) + -2?
4
What is -12 + (7 - (11 + (1 - 7)))?
-10
What is the value of -18 + 9 + 4 - 1?
-6
Calculate 0 + -4 + 4 + 1 + -2.
-1
Calculate -22 + 21 + 1 + -1.
-1
0 + -2 + -2 + 4
0
What is -8 + 2 - (-3 + 0)?
-3
Evaluate (-2 - (1 + 1)) + 9 + -10.
-5
What is the value of -11 - -12 - (0 - -8) - -4?
-3
-4 + (1 - -9) + -4
2
7 + -1 + (-7 - (24 + -23))
-2
Evaluate 0 + (-3 - 0 - -5) - 3.
-1
2 - (0 - (-2 + -3))
-3
What is (-2 - (-7 + 2)) + -6 - -1?
-2
-1 + 0 + 16 + -18
-3
Evaluate 2 - (5 + (3 - (0 + 1))).
-5
5 + (-13 - -14 - (3 + -1))
4
Calculate 0 - ((-2 - (-8 + 4)) + -1).
-1
Calculate 10 + -14 + (4 - -1).
1
(-15 - (-4 - (-1 + 3))) + 5
-4
-1 + -4 + 9 + -8
-4
What is the value of -3 + 2 + (-1 - (5 + -10))?
3
Calculate -1 - -2 - (-2 - (-2 - -2)).
3
Evaluate (0 - (3 + -2)) + (-2 - -7).
4
Calculate 0 - -2 - (3 + 0 + -3).
2
-7 + (-2 - (-7 - 1 - 4))
3
(-4 - (-2 - 1)) + 0 - -4
3
What is the value of 4 + (-1 - 0) - (-45 - -42)?
6
What is -5 + 11 + -4 - (-1 - -3)?
0
-8 + (5 - -1) + 1
-1
Calculate 8 - (7 + (1 - -5)).
-5
What is 1 + 0 + 6 - (-326 - -337)?
-4
What is (-8 - (1 - (5 + 0))) + 10?
6
What is (5 + -1 - 6) + 1 + -5?
-6
What is the value of 3 + (0 - (-3 + 7 + -4))?
3
What is -9 + 12 + (-1 - (1 + -2))?
3
Evaluate 1 - (2 + -1) - (35 - 34).
-1
What is (-14 - -4) + (13 - 0)?
3
-1 + (-3 + 2 + -3 - -1)
-4
What is the value of (9 - (1 + 2)) + (-5 - -3)?
4
What is the value of -4 - ((-3 - (3 - 7)) + -4)?
-1
What is the value of -15 - -14 - (-2 - -4)?
-3
Calculate 10 - (10 - 8) - (0 - 1).
9
Evaluate -2 - (-2 - (4 - 10)).
-6
Evaluate -2 + -12 + 10 - -5.
1
What is 0 + 8 + -12 + -1?
-5
What is the value of -4 - -5 - (-3 + 6)?
-2
What is the value of -4 + (5 - (-1 - 1 - 3))?
6
What is 1 + 5 - 3 - (-5 - -9)?
-1
Calculate 4 + 0 - (1 - 1).
4
Calculate 12 + -13 - ((-4 - -1) + -3).
5
Evaluate 3 + (-1 - 2) + (-7 - -13).
6
Calculate (1 - (3 - -1)) + 1 + 2.
0
What is the value of -20 + 28 + 1 + -16?
-7
What is the value of -2 + -3 - (3 + (-2 - -1))?
-7
Evaluate 5 - (0 + 10 + -5).
0
What is 3 + 0 + (1 - (-14 - -10))?
8
What is the value of 19 - (6 - -10 - 6)?
9
Calculate 0 - (-1 + 5) - -5.
1
What is 6 - (-11 - -14) - (0 + 0)?
3
What is the value of -4 + (0 + 1 - -3)?
0
What is 0 + (0 - -3) + (3 - 4)?
2
Evaluate -42 + 36 - (-2 + 1).
-5
Calculate 0 - (3 + -4) - (-1 + 4).
-2
Evaluate 1 + (5 + -5 - 3).
-2
What is 2 + 2 - (3 + 2)?
-1
What is the value of 9 - 7 - (-3 + 2 + -2)?
5
Evaluate (7 - 2) + -9 + 10 + -1.
5
Evaluate -21 - (-4 - (-3 - -10)).
-10
Calculate 9 + -5 + (1 - 6).
-1
(24 - 4) + -2 + -9
9
Calculate -12 - -6 - -1 - (-2 + 0).
-3
Calculate 1 + -4 + -6 + 1 + 3.
-5
Evaluate (-10 - -8) + 1 + 3.
2
What is 1 + -4 + (7 - (3 + 3))?
-2
Calculate (-1 - (1 + -3 - 2)) + 1.
4
What is the value of -15 + 3 - (-4 - 0 - 1)?
-7
What is the value of 2 + -2 + 1 + -4 + 8?
5
Evaluate (-1 - -5) + 16 + -21 - -3.
2
(10 - 3) + -2 + 9 + -14
0
What is the value of 0 + 0 + (7 - (4 + 0))?
3
Evaluate -4 - (-1 + 8 + 3 + -6).
-8
What is the value of 4 - (2 - (3 - (0 + 5)))?
0
What is -8 + 11 + (-5 - -3)?
1
Calculate -2 + -1 + 10 + -4.
3
Evaluate 9 - (2 + 6 - (1 - -2)).
4
Evaluate 9 - (9 - (5 - 7)).
-2
Calculate 9 + -11 + (-1 - -17) + -5.
9
Calculate 5 + (3 + -6 - -1) - 5.
-2
What is the value of (-4 - -6 - -1) + -6?
-3
Evaluate 12 - 6 - (19 + -15).
2
What is the value of 8 - (2 - 6 - -6)?
6
Evaluate (-1 - 0) + 11 + 1 + -7.
4
Evaluate 0 - (1 + 7 + -23) - 8.
7
Evaluate 0 - 2 - 0 - -5 - 1.
2
Evaluate 7 + (-7 - (6 - 4)).
-2
Evaluate (14 - (18 - 10)) + -6.
0
What is the value of (-6 - (-4 + -6)) + 0?
4
What is -8 - -8 - ((-2 - -3) + 3)?
-4
Calculate -3 + (5 - (-1 - -6) - -2).
-1
Evaluate -2 + (-4 - -5) + 1 + -4.
-4
What is 5 - (4 + 6 + -5)?
0
-2 + 2 + -5 - (0 - 4)
-1
Calculate 7 + -2 + 5 + (-7 - 7).
-4
Evaluate -7 + 7 + 1 - (3 + -10).
8
What is (2 - ((-1 - -6) + -6)) + 0?
3
What is the value of -1 - -1 - (57 - 56)?
-1
What is 2 + 2 - (-8 + 13)?
-1
Calculate -9 + (-1 - -6) + 8.
4
Calculate 1 - (-4 + -3 + 8 - 0).
0
17 - (-5 - (-1 + -12))
9
3 + 1 + -11 + 0
-7
What is the value of 1 + -5 + 4 + 2?
2
Evaluate -7 - 2 - (17 - 22).
-4
5 + (-1 - 1) - 0 - 8
-5
Evaluate (2 - 1) + 3 + -7 - -4.
1
What is 1 + 1 - 2 - 1?
-1
7 + (-2 - 1) + 0 - 3
1
-3 - -2 - (13 + -14)
0
What is the value of (6 + 1 - 0) + (-19 - -4)?
-8
-123 + 110 + 3 + 0
